4762810 a multiple of 1210?
True
Is 12399903 a multiple of 586?
False
Is 61052979 a multiple of 689?
True
Is 85574294 a multiple of 26?
True
Does 4202 divide 90597988?
False
Does 1316 divide 1138099172?
True
Does 25 divide 252132000?
True
Does 1420 divide 2459076480?
True
Does 169 divide 642325064?
False
Is 7087338 a multiple of 23?
False
Is 36818709 a multiple of 197?
True
Does 2616 divide 142608202?
False
Is 7 a factor of 161365?
False
Does 599 divide 6072153?
False
Is 16 a factor of 3521782734?
False
Is 3829 a factor of 426929671?
True
Is 104 a factor of 4030208?
True
Does 24 divide 26228175?
False
Is 65 a factor of 20222995?
True
Is 1760 a factor of 1040816656?
False
Is 655376431 a multiple of 23?
False
Does 13 divide 226114434?
True
Does 21 divide 1704395028?
True
Is 602 a factor of 329269318?
True
Is 36 a factor of 812793384?
True
Is 863193021 a multiple of 870?
False
Is 181673177 a multiple of 13?
False
Is 39 a factor of 1441102?
False
Is 242 a factor of 3937050084?
True
Does 1001 divide 202583381?
True
Does 3924 divide 248773752?
True
Does 19 divide 816389072?
False
Is 122338199 a multiple of 8?
False
Is 106152156 a multiple of 1991?
True
Is 1569126896 a multiple of 116?
True
Does 770 divide 247327080?
True
Is 1206 a factor of 31816401?
False
Is 156820864 a multiple of 4814?
True
Is 13616022 a multiple of 98?
True
Does 33 divide 26451414?
True
Does 5 divide 34155839?
False
Is 344 a factor of 56457630?
False
Is 73 a factor of 11656554?
False
Does 5 divide 235599070?
True
Is 51 a factor of 129012201?
True
Does 144 divide 457716341?
False
Is 764248702 a multiple of 17?
True
Is 40414294 a multiple of 21?
False
Is 37389424 a multiple of 15?
False
Does 21 divide 306066937?
False
Does 4 divide 7412130?
False
Does 24 divide 11869335?
False
Is 1245 a factor of 16875421?
False
Is 4411 a factor of 114698504?
False
Is 17 a factor of 189380680?
True
Does 935 divide 44542436?
False
Is 293149147 a multiple of 121?
False
Is 274928048 a multiple of 16?
True
Is 401548041 a multiple of 532?
False
Is 180 a factor of 502628220?
True
Does 6 divide 3331254408?
True
Is 6174044250 a multiple of 1154?
True
Is 14977476 a multiple of 68?
True
Is 57339185 a multiple of 41?
False
Is 56915542 a multiple of 15?
False
Does 105 divide 8254984?
False
Is 139 a factor of 3378861345?
True
Is 15220290 a multiple of 150?
False
Is 11 a factor of 496998696?
False
Is 7131840 a multiple of 240?
True
Is 881 a factor of 136168919?
False
Does 681 divide 730098996?
False
Does 432 divide 325387152?
True
Is 3273649324 a multiple of 44?
True
Does 14 divide 87761251?
False
Is 1559 a factor of 819151606?
True
Does 28 divide 363765202?
False
Is 5369706 a multiple of 752?
False
Is 1639663 a multiple of 828?
False
Does 54 divide 76744854?
True
Does 124 divide 289159734?
False
Is 18 a factor of 420615504?
True
Is 17 a factor of 99411376?
True
Is 888 a factor of 323793216?
True
Is 768 a factor of 1095134976?
True
Does 564 divide 522142740?
True
Is 51774224 a multiple of 2?
True
Is 3982335 a multiple of 5?
True
Is 426318588 a multiple of 281?
True
Does 18 divide 5573322?
True
Does 8 divide 114821674?
False
Is 29 a factor of 9351804?
True
Does 1608 divide 183784752?
True
Is 284250988 a multiple of 78?
False
Is 1513 a factor of 522515132?
False
Is 68 a factor of 189876175?
False
Does 991 divide 68810085?
True
Is 699376512 a multiple of 3144?
True
Is 465498968 a multiple of 554?
False
Is 184 a factor of 72812296?
True
Is 42 a factor of 386185170?
True
Is 61 a factor of 64854590?
True
Is 829965033 a multiple of 349?
False
Does 39 divide 37096410?
True
Does 10 divide 2268900?
True
Is 904512175 a multiple of 725?
True
Does 44 divide 61995399?
False
Is 19821837 a multiple of 95?
False
Does 26 divide 158485080?
True
Is 12 a factor of 613944?
True
Does 6 divide 352500354?
True
Does 40 divide 150999052?
False
Does 14 divide 391334064?
False
Does 486 divide 437937276?
False
Is 3 a factor of 69871980?
True
Does 181 divide 2463459702?
False
Is 45859027 a multiple of 19?
True
Is 408852441 a multiple of 1179?
True
Is 5 a factor of 21887764?
False
Is 169485863 a multiple of 9?
False
Does 39 divide 14800422?
True
Is 5 a factor of 2704115?
True
Does 34 divide 148017555?
False
Is 157 a factor of 408782420?
False
Is 451 a factor of 1010066816?
True
Does 8258 divide 1988815430?
True
Is 7 a factor of 34398042?
True
Does 49 divide 63554448?
False
Is 33 a factor of 10912657?
False
Is 155853485 a multiple of 4315?
True
Does 53 divide 346439299?
False
Does 58 divide 21986698?
True
Is 23 a factor of 225698813?
False
Is 20 a factor of 3318570960?
True
Is 151684344 a multiple of 8?
True
Is 582018591 a multiple of 33?
True
Is 15282544 a multiple of 4?
True
Does 343 divide 148398264?
True
Is 26587407 a multiple of 906?
False
Does 3640 divide 435136489?
False
Does 393 divide 8183046?
True
Is 290024513 a multiple of 7?
False
Does 15 divide 24227355?
True
Is 6 a factor of 2593525?
False
Is 25 a factor of 217861175?
True
Is 3796 a factor of 283261316?
True
Is 103 a factor of 6355263638?
False
Is 29200407 a multiple of 24?
False
Does 638 divide 41070612?
True
Does 28 divide 424129411?
False
Does 59 divide 8003346?
False
Does 5821 divide 4403155746?
True
Is 11 a factor of 1112106556?
True
Does 713 divide 185616003?
True
Is 1594738520 a multiple of 12347?
True
Is 5343 a factor of 250303521?
True
Does 134 divide 170628101?
False
Does 91 divide 432508167?
True
Is 429915144 a multiple of 1349?
False
Is 117 a factor of 3094690131?
True
Does 23 divide 312714841?
False
Is 3 a factor of 14265540?
True
Is 2101336269 a multiple of 103?
True
Is 206 a factor of 492840847?
False
Does 12 divide 320052336?
True
Does 1212 divide 691908346?
False
Does 1089 divide 169200422?
False
Is 1093701190 a multiple of 970?
True
Does 105 divide 708290086?
False
Is 473 a factor of 803180961?
True
Does 151 divide 588644299?
False
Does 29 divide 19363184?
True
Is 944927060 a multiple of 190?
False
Is 5212348 a multiple of 8?
False
Is 29 a factor of 16440303?
True
Is 5018560890 a multiple of 147?
True
Is 178 a factor of 375803654?
False
Is 11 a factor of 27420415?
True
Is 17679823 a multiple of 2149?
True
Does 9 divide 29920266?
True
Does 32 divide 228500400?
False
Is 10473450 a multiple of 975?
True
Does 7 divide 282468781?
True
Is 98089547 a multiple of 16?
False
Does 18 divide 2693237994?
True
Is 913522179 a multiple of 1830?
False
Is 1289 a factor of 387599903?
False
Is 14913919 a multiple of 199?
False
Is 34813230 a multiple of 17?
False
Is 286097052 a multiple of 136?
False
Is 46326620 a multiple of 3033?
False
Is 601 a factor of 1342745185?
True
Is 303051898 a multiple of 1036?
False
Is 17845465 a multiple of 2?
False
Does 47 divide 4619389?
False
Is 69924819 a multiple of 597?
True
Is 3703307 a multiple of 233?
False
Is 9347285 a multiple of 365?
True
Does 134 divide 40634110?
False
Is 1200 a factor of 1293269395?
False
Does 29 divide 79752194?
False
Is 4 a factor of 168259388?
True
Is 65803464 a multiple of 296?
True
Does 1521 divide 336104442?
False
Does 287 divide 160381366?
False
Does 36 divide 10872432?
True
Does 59 divide 81496300?
False
Does 1293 divide 4164397422?
False
Is 4172535 a multiple of 43?
False
Is 22 a factor of 1596207685?
False
Is 2078 a factor of 56885250?
True
Does 1398 divide 2842016568?
True
Does 26 divide 181861564?
False
Does 1056 divide 1088568096?
True
Is 44684528 a multiple of 28?
True
Is 5885056 a multiple of 1778?
False
Does 193 divide 17481351?
False
Is 9 a factor of 602958425?
False
Is 15 a factor of 161003969?
False
Does 3030 divide 3129922270?
False
Is 8193031 a multiple of 3983?
True
Is 1120167356 a multiple of 11?
True
Does 985 divide 369615340?
True
Is 129741201 a multiple of 177?
False
Is 133 a factor of 23131360?
True
Does 594 divide 791096922?
True
Does 24 divide 97039414?
False
Is 12657173 a multiple of 11?
False
Does 448 divide 2484336?
False
Is 4065 a factor of 138574486?
False
Is 117617481 a multiple of 27?
True
Is 25 a factor of 302329098?
False
Is 369 a factor of 35197803?
True
Does 110 divide 436029990?
True
Is 250497857 a multiple of 9145?
False
Is 22 a factor of 2568445976?
False
Is 501 a factor of 108653662?
False
Is 1575529196 a multiple of 359?
False
Is 17 a factor of 28737928?
False
Is 358 a fact